{"id":4946,"date":"2026-01-15T16:06:53","date_gmt":"2026-01-15T21:06:53","guid":{"rendered":"https:\/\/myperfectshake.com\/?post_type=product&#038;p=4946"},"modified":"2026-01-15T16:24:34","modified_gmt":"2026-01-15T21:24:34","slug":"flash-pack-50","status":"publish","type":"product","link":"https:\/\/myperfectshake.com\/index.php\/product\/flash-pack-50\/","title":{"rendered":"Flash pack 50+"},"content":{"rendered":"\t\t<div data-elementor-type=\"product-post\" data-elementor-id=\"4946\" class=\"elementor elementor-4946\" data-elementor-post-type=\"product\">\n\t\t\t\t\t\t<section data-particle_enable=\"false\" data-particle-mobile-disabled=\"false\" class=\"elementor-section elementor-top-section elementor-element elementor-element-6f095a0 elementor-section-boxed elementor-section-height-default elementor-section-height-default\" data-id=\"6f095a0\" data-element_type=\"section\" data-e-type=\"section\">\n\t\t\t\t\t\t<div class=\"elementor-container elementor-column-gap-default\">\n\t\t\t\t\t<div class=\"elementor-column elementor-col-100 elementor-top-column elementor-element elementor-element-491b40d\" data-id=\"491b40d\" data-element_type=\"column\" data-e-type=\"column\">\n\t\t\t<div class=\"elementor-widget-wrap elementor-element-populated\">\n\t\t\t\t\t\t<div class=\"elementor-element elementor-element-742adf1 elementor-align-center elementor-widget elementor-widget-button\" data-id=\"742adf1\" data-element_type=\"widget\" data-e-type=\"widget\" data-widget_type=\"button.default\">\n\t\t\t\t<div class=\"elementor-widget-container\">\n\t\t\t\t\t\t\t\t\t<div class=\"elementor-button-wrapper\">\n\t\t\t\t\t<a class=\"elementor-button elementor-button-link elementor-size-sm elementor-animation-grow\" href=\"https:\/\/myperfectshake.com\/wp-content\/uploads\/2023\/06\/XIV_MPS_50_VAINILLA-CHIPS-AMARANTO_INFORMACION-NUTRIMENTAL.pdf\" target=\"_blank\">\n\t\t\t\t\t\t<span class=\"elementor-button-content-wrapper\">\n\t\t\t\t\t\t\t\t\t<span class=\"elementor-button-text\">Tabla Nutrimental<\/span>\n\t\t\t\t\t<\/span>\n\t\t\t\t\t<\/a>\n\t\t\t\t<\/div>\n\t\t\t\t\t\t\t\t<\/div>\n\t\t\t\t<\/div>\n\t\t\t\t<div class=\"elementor-element elementor-element-db75285 elementor-widget elementor-widget-text-editor\" data-id=\"db75285\" data-element_type=\"widget\" data-e-type=\"widget\" data-widget_type=\"text-editor.default\">\n\t\t\t\t<div class=\"elementor-widget-container\">\n\t\t\t\t\t\t\t\t\t\u00a1Mucho m\u00e1s que una prote\u00edna!\r\n\r\n&nbsp;\r\n\r\nPorque tu cuerpo no solo necesita prote\u00edna, exige de m\u00e1s nutrientes para poder funcionar perfectamente. Ve m\u00e1s all\u00e1 de una nutrici\u00f3n esencial e incorpora ingredientes funcionales para esta etapa de la vida.\r\n\r\n50 nutrientes + ingredientes funcionales con enfoque en la salud articular, muscular y \u00f3sea como:\r\n<ul>\r\n \t<li>Col\u00e1geno hidrolizado<\/li>\r\n \t<li>Boswellia serrata<\/li>\r\n \t<li>12g de prote\u00edna<\/li>\r\n \t<li>Calcio HMB<\/li>\r\n \t<li>Probi\u00f3ticos<\/li>\r\n \t<li>Amaranto<\/li>\r\n \t<li>Lute\u00edna<\/li>\r\n \t<li>Fibra<\/li>\r\n<\/ul>\r\nY m\u00e1s.\r\nDise\u00f1ado especialmente para todas aquellas personas mayores de 50 a\u00f1os que buscan un equilibrio en su alimentaci\u00f3n de manera rica, pr\u00e1ctica y saludable. \u00a1Adem\u00e1s, esta delicioso!\r\n\r\n<span style=\"color: #cb2026;\"><strong>SIN: <\/strong><\/span>Maltodextrina ni az\u00facares a\u00f1adidos.\r\nNo apto para intolerantes a la lactosa.\t\t\t\t\t\t\t\t<\/div>\n\t\t\t\t<\/div>\n\t\t\t\t\t<\/div>\n\t\t<\/div>\n\t\t\t\t\t<\/div>\n\t\t<\/section>\n\t\t\t\t<\/div>\n\t\t","protected":false},"excerpt":{"rendered":"<div><span dir=\"auto\" style=\"vertical-align: inherit;\"><span dir=\"auto\" style=\"vertical-align: inherit;\">&#8211; 2 suplementos 50+\u00a0<\/span><\/span><\/div>\n<div>-Termo pastillero limitado de regalo<\/div>\n","protected":false},"featured_media":3884,"comment_status":"open","ping_status":"closed","template":"","meta":[],"product_brand":[],"product_cat":[23],"product_tag":[],"class_list":{"0":"post-4946","1":"product","2":"type-product","3":"status-publish","4":"has-post-thumbnail","6":"product_cat-23","8":"first","9":"instock","10":"shipping-taxable","11":"purchasable","12":"product-type-yith_bundle"},"_links":{"self":[{"href":"https:\/\/myperfectshake.com\/index.php\/wp-json\/wp\/v2\/product\/4946","targetHints":{"allow":["GET"]}}],"collection":[{"href":"https:\/\/myperfectshake.com\/index.php\/wp-json\/wp\/v2\/product"}],"about":[{"href":"https:\/\/myperfectshake.com\/index.php\/wp-json\/wp\/v2\/types\/product"}],"replies":[{"embeddable":true,"href":"https:\/\/myperfectshake.com\/index.php\/wp-json\/wp\/v2\/comments?post=4946"}],"version-history":[{"count":4,"href":"https:\/\/myperfectshake.com\/index.php\/wp-json\/wp\/v2\/product\/4946\/revisions"}],"predecessor-version":[{"id":4953,"href":"https:\/\/myperfectshake.com\/index.php\/wp-json\/wp\/v2\/product\/4946\/revisions\/4953"}],"wp:featuredmedia":[{"embeddable":true,"href":"https:\/\/myperfectshake.com\/index.php\/wp-json\/wp\/v2\/media\/3884"}],"wp:attachment":[{"href":"https:\/\/myperfectshake.com\/index.php\/wp-json\/wp\/v2\/media?parent=4946"}],"wp:term":[{"taxonomy":"product_brand","embeddable":true,"href":"https:\/\/myperfectshake.com\/index.php\/wp-json\/wp\/v2\/product_brand?post=4946"},{"taxonomy":"product_cat","embeddable":true,"href":"https:\/\/myperfectshake.com\/index.php\/wp-json\/wp\/v2\/product_cat?post=4946"},{"taxonomy":"product_tag","embeddable":true,"href":"https:\/\/myperfectshake.com\/index.php\/wp-json\/wp\/v2\/product_tag?post=4946"}],"curies":[{"name":"wp","href":"https:\/\/api.w.org\/{rel}","templated":true}]}}