{"id":186,"date":"2022-05-10T01:49:31","date_gmt":"2022-05-10T06:49:31","guid":{"rendered":"https:\/\/infinitos.digital\/shake\/index.php\/product\/women-matcha-quinoa\/"},"modified":"2026-04-08T17:26:16","modified_gmt":"2026-04-08T22:26:16","slug":"women-matcha-quinoa","status":"publish","type":"product","link":"https:\/\/myperfectshake.com\/index.php\/product\/women-matcha-quinoa\/","title":{"rendered":"Women Matcha Quinoa"},"content":{"rendered":"\t\t<div data-elementor-type=\"product-post\" data-elementor-id=\"186\" class=\"elementor elementor-186\" data-elementor-post-type=\"product\">\n\t\t\t\t\t\t<section data-particle_enable=\"false\" data-particle-mobile-disabled=\"false\" class=\"elementor-section elementor-top-section elementor-element elementor-element-6227484e elementor-section-boxed elementor-section-height-default elementor-section-height-default\" data-id=\"6227484e\" data-element_type=\"section\" data-e-type=\"section\">\n\t\t\t\t\t\t<div class=\"elementor-container elementor-column-gap-default\">\n\t\t\t\t\t<div class=\"elementor-column elementor-col-100 elementor-top-column elementor-element elementor-element-551630a3\" data-id=\"551630a3\" data-element_type=\"column\" data-e-type=\"column\">\n\t\t\t<div class=\"elementor-widget-wrap elementor-element-populated\">\n\t\t\t\t\t\t<div class=\"elementor-element elementor-element-5e228fa elementor-align-center elementor-widget elementor-widget-button\" data-id=\"5e228fa\" data-element_type=\"widget\" data-e-type=\"widget\" data-widget_type=\"button.default\">\n\t\t\t\t<div class=\"elementor-widget-container\">\n\t\t\t\t\t\t\t\t\t<div class=\"elementor-button-wrapper\">\n\t\t\t\t\t<a class=\"elementor-button elementor-button-link elementor-size-sm elementor-animation-grow\" href=\"https:\/\/myperfectshake.com\/wp-content\/uploads\/2023\/06\/XIV_MPS_WOMEN_MATCHA-QUINOA_INFORMACION-NUTRIMENTAL.pdf\" target=\"_blank\">\n\t\t\t\t\t\t<span class=\"elementor-button-content-wrapper\">\n\t\t\t\t\t\t\t\t\t<span class=\"elementor-button-text\">Tabla Nutrimental<\/span>\n\t\t\t\t\t<\/span>\n\t\t\t\t\t<\/a>\n\t\t\t\t<\/div>\n\t\t\t\t\t\t\t\t<\/div>\n\t\t\t\t<\/div>\n\t\t\t\t<div class=\"elementor-element elementor-element-15a39c38 elementor-widget elementor-widget-text-editor\" data-id=\"15a39c38\" data-element_type=\"widget\" data-e-type=\"widget\" data-widget_type=\"text-editor.default\">\n\t\t\t\t<div class=\"elementor-widget-container\">\n\t\t\t\t\t\t\t\t\t\u00a1Mucho m\u00e1s que una prote\u00edna!\r\n\r\n&nbsp;\r\n\r\nPorque tu cuerpo no solo necesita prote\u00edna, exige de m\u00e1s nutrientes para poder funcionar perfectamente. Ve m\u00e1s all\u00e1 de una nutrici\u00f3n esencial e incorpora ingredientes funcionales en tu d\u00eda a d\u00eda.\r\n48 nutrientes + ingredientes funcionales con enfoque antiaiging como:\r\n<ul>\r\n \t<li>Fibra de avena y ma\u00edz<\/li>\r\n \t<li>Col\u00e1geno hidrolizado<\/li>\r\n \t<li>Coenzima Q10<\/li>\r\n \t<li>Probi\u00f3ticos<\/li>\r\n \t<li>T\u00e9 matcha<\/li>\r\n \t<li>Omega 3<\/li>\r\n \t<li>Quinoa<\/li>\r\n<\/ul>\r\nY m\u00e1s.\r\n\r\n&nbsp;\r\n\r\nDise\u00f1ado para todas las mujeres que buscan un equilibrio en su alimentaci\u00f3n de manera rica, pr\u00e1ctica y saludable. \u00a1Adem\u00e1s, esta deliciosa!\r\n\r\n&nbsp;\r\n\r\n<span style=\"color: #cb2026;\"><strong>SIN: <\/strong><\/span>Maltodextrina ni az\u00facares a\u00f1adidos.\r\n\u200b\u200b\u200b\u200b\u200b\u200b\u200bNo apto para intolerantes a la lactosa.\t\t\t\t\t\t\t\t<\/div>\n\t\t\t\t<\/div>\n\t\t\t\t\t<\/div>\n\t\t<\/div>\n\t\t\t\t\t<\/div>\n\t\t<\/section>\n\t\t\t\t<\/div>\n\t\t","protected":false},"excerpt":{"rendered":"<p>Tabla Nutrimental \u00a1Mucho m\u00e1s que una prote\u00edna! Porque tu cuerpo no solo necesita prote\u00edna, exige de m\u00e1s nutrientes para poder funcionar perfectamente. Ve m\u00e1s all\u00e1 de una nutrici\u00f3n esencial e incorpora ingredientes funcionales en tu d\u00eda a d\u00eda. 48 nutrientes + ingredientes funcionales con enfoque antiaiging como: Fibra de avena y ma\u00edz Col\u00e1geno hidrolizado Coenzima [&hellip;]<\/p>\n","protected":false},"featured_media":5188,"comment_status":"open","ping_status":"closed","template":"","meta":[],"product_brand":[],"product_cat":[50,38,25],"product_tag":[],"class_list":{"0":"post-186","1":"product","2":"type-product","3":"status-publish","4":"has-post-thumbnail","6":"product_cat-control-calorico","7":"product_cat-shake","8":"product_cat-women","10":"first","11":"instock","12":"shipping-taxable","13":"purchasable","14":"product-type-simple"},"_links":{"self":[{"href":"https:\/\/myperfectshake.com\/index.php\/wp-json\/wp\/v2\/product\/186","targetHints":{"allow":["GET"]}}],"collection":[{"href":"https:\/\/myperfectshake.com\/index.php\/wp-json\/wp\/v2\/product"}],"about":[{"href":"https:\/\/myperfectshake.com\/index.php\/wp-json\/wp\/v2\/types\/product"}],"replies":[{"embeddable":true,"href":"https:\/\/myperfectshake.com\/index.php\/wp-json\/wp\/v2\/comments?post=186"}],"version-history":[{"count":7,"href":"https:\/\/myperfectshake.com\/index.php\/wp-json\/wp\/v2\/product\/186\/revisions"}],"predecessor-version":[{"id":5185,"href":"https:\/\/myperfectshake.com\/index.php\/wp-json\/wp\/v2\/product\/186\/revisions\/5185"}],"wp:featuredmedia":[{"embeddable":true,"href":"https:\/\/myperfectshake.com\/index.php\/wp-json\/wp\/v2\/media\/5188"}],"wp:attachment":[{"href":"https:\/\/myperfectshake.com\/index.php\/wp-json\/wp\/v2\/media?parent=186"}],"wp:term":[{"taxonomy":"product_brand","embeddable":true,"href":"https:\/\/myperfectshake.com\/index.php\/wp-json\/wp\/v2\/product_brand?post=186"},{"taxonomy":"product_cat","embeddable":true,"href":"https:\/\/myperfectshake.com\/index.php\/wp-json\/wp\/v2\/product_cat?post=186"},{"taxonomy":"product_tag","embeddable":true,"href":"https:\/\/myperfectshake.com\/index.php\/wp-json\/wp\/v2\/product_tag?post=186"}],"curies":[{"name":"wp","href":"https:\/\/api.w.org\/{rel}","templated":true}]}}