{"id":1694,"date":"2023-01-31T17:40:31","date_gmt":"2023-01-31T22:40:31","guid":{"rendered":"https:\/\/myperfectshake.com\/?post_type=product&#038;p=1694"},"modified":"2025-08-25T11:12:47","modified_gmt":"2025-08-25T16:12:47","slug":"vaso-negro","status":"publish","type":"product","link":"https:\/\/myperfectshake.com\/index.php\/product\/vaso-negro\/","title":{"rendered":"Vaso negro"},"content":{"rendered":"<h2>Descripci\u00f3n<\/h2>\n<p>\u00a1Preparar tu My Perfect Shake nunca fue tan f\u00e1cil!<\/p>\n<p>Vaso shaker de 400 ml, reutilizable.<\/p>\n<p>Incluye contenedor para una toma portable y estrella de pl\u00e1stico mezcladora.<\/p>\n<p>Ll\u00e9valo contigo a donde quiera que vayas.<\/p>\n","protected":false},"excerpt":{"rendered":"<p>Descripci\u00f3n \u00a1Preparar tu My Perfect Shake nunca fue tan f\u00e1cil! Vaso shaker de 400 ml, reutilizable. Incluye contenedor para una toma portable y estrella de pl\u00e1stico mezcladora. Ll\u00e9valo contigo a donde quiera que vayas.<\/p>\n","protected":false},"featured_media":1738,"comment_status":"open","ping_status":"closed","template":"","meta":[],"product_brand":[],"product_cat":[23,52,21,42,48,41,50,22,49,26,40,38,39,15,24,51,25],"product_tag":[],"class_list":{"0":"post-1694","1":"product","2":"type-product","3":"status-publish","4":"has-post-thumbnail","6":"product_cat-23","7":"product_cat-50-y-kids","8":"product_cat-accesorios","9":"product_cat-blend","10":"product_cat-challenge-2","11":"product_cat-coffee","12":"product_cat-control-calorico","13":"product_cat-kids","14":"product_cat-masa-muscular","15":"product_cat-men","16":"product_cat-protein","17":"product_cat-shake","18":"product_cat-tea","19":"product_cat-uncategorized","20":"product_cat-vegan","21":"product_cat-wellness","22":"product_cat-women","24":"first","25":"instock","26":"shipping-taxable","27":"purchasable","28":"product-type-simple"},"_links":{"self":[{"href":"https:\/\/myperfectshake.com\/index.php\/wp-json\/wp\/v2\/product\/1694","targetHints":{"allow":["GET"]}}],"collection":[{"href":"https:\/\/myperfectshake.com\/index.php\/wp-json\/wp\/v2\/product"}],"about":[{"href":"https:\/\/myperfectshake.com\/index.php\/wp-json\/wp\/v2\/types\/product"}],"replies":[{"embeddable":true,"href":"https:\/\/myperfectshake.com\/index.php\/wp-json\/wp\/v2\/comments?post=1694"}],"version-history":[{"count":3,"href":"https:\/\/myperfectshake.com\/index.php\/wp-json\/wp\/v2\/product\/1694\/revisions"}],"predecessor-version":[{"id":1764,"href":"https:\/\/myperfectshake.com\/index.php\/wp-json\/wp\/v2\/product\/1694\/revisions\/1764"}],"wp:featuredmedia":[{"embeddable":true,"href":"https:\/\/myperfectshake.com\/index.php\/wp-json\/wp\/v2\/media\/1738"}],"wp:attachment":[{"href":"https:\/\/myperfectshake.com\/index.php\/wp-json\/wp\/v2\/media?parent=1694"}],"wp:term":[{"taxonomy":"product_brand","embeddable":true,"href":"https:\/\/myperfectshake.com\/index.php\/wp-json\/wp\/v2\/product_brand?post=1694"},{"taxonomy":"product_cat","embeddable":true,"href":"https:\/\/myperfectshake.com\/index.php\/wp-json\/wp\/v2\/product_cat?post=1694"},{"taxonomy":"product_tag","embeddable":true,"href":"https:\/\/myperfectshake.com\/index.php\/wp-json\/wp\/v2\/product_tag?post=1694"}],"curies":[{"name":"wp","href":"https:\/\/api.w.org\/{rel}","templated":true}]}}