{"id":2233,"date":"2023-04-17T09:33:46","date_gmt":"2023-04-17T14:33:46","guid":{"rendered":"https:\/\/myperfectshake.com\/?page_id=2233"},"modified":"2023-05-09T21:05:46","modified_gmt":"2023-05-10T02:05:46","slug":"imc-2","status":"publish","type":"page","link":"https:\/\/myperfectshake.com\/index.php\/imc-2\/","title":{"rendered":"IMC"},"content":{"rendered":"\t\t<div data-elementor-type=\"wp-page\" data-elementor-id=\"2233\" class=\"elementor elementor-2233\" data-elementor-post-type=\"page\">\n\t\t\t\t\t\t<section data-particle_enable=\"false\" data-particle-mobile-disabled=\"false\" class=\"elementor-section elementor-top-section elementor-element elementor-element-c8ca795 elementor-section-boxed elementor-section-height-default elementor-section-height-default\" data-id=\"c8ca795\" data-element_type=\"section\" data-e-type=\"section\">\n\t\t\t\t\t\t<div class=\"elementor-container elementor-column-gap-default\">\n\t\t\t\t\t<div class=\"elementor-column elementor-col-100 elementor-top-column elementor-element elementor-element-969dc51\" data-id=\"969dc51\" data-element_type=\"column\" data-e-type=\"column\">\n\t\t\t<div class=\"elementor-widget-wrap elementor-element-populated\">\n\t\t\t\t\t\t<div class=\"elementor-element elementor-element-c8e7746 elementor-widget elementor-widget-eael-adv-tabs\" data-id=\"c8e7746\" data-element_type=\"widget\" data-e-type=\"widget\" data-widget_type=\"eael-adv-tabs.default\">\n\t\t\t\t<div class=\"elementor-widget-container\">\n\t\t\t\t\t        <div data-scroll-on-click=\"no\" data-scroll-speed=\"300\" id=\"eael-advance-tabs-c8e7746\" class=\"eael-advance-tabs eael-tabs-vertical eael-tab-auto-active \" data-tabid=\"c8e7746\">\n            <div class=\"eael-tabs-nav \">\n                <ul class=\"eael-tab-inline-icon\" role=\"tablist\">\n                                            <li id=\"imc\" class=\"inactive eael-tab-item-trigger eael-tab-nav-item\" aria-selected=\"true\" data-tab=\"1\" role=\"tab\" tabindex=\"0\" aria-controls=\"imc-tab\" aria-expanded=\"false\">\n                            \n                                                                <i class=\"fas fa-weight\"><\/i>                                                            \n                                                            <span class=\"eael-tab-title title-after-icon\" >IMC<\/span>                            \n                                                    <\/li>\n                                            <li id=\"bitacora\" class=\"inactive eael-tab-item-trigger eael-tab-nav-item\" aria-selected=\"false\" data-tab=\"2\" role=\"tab\" tabindex=\"-1\" aria-controls=\"bitacora-tab\" aria-expanded=\"false\">\n                            \n                                                                <i class=\"far fa-address-book\"><\/i>                                                            \n                                                            <span class=\"eael-tab-title title-after-icon\" >Bitacora<\/span>                            \n                                                    <\/li>\n                                            <li id=\"mens\" class=\"inactive eael-tab-item-trigger eael-tab-nav-item\" aria-selected=\"false\" data-tab=\"3\" role=\"tab\" tabindex=\"-1\" aria-controls=\"mens-tab\" aria-expanded=\"false\">\n                            \n                                                                <i class=\"fas fa-book\"><\/i>                                                            \n                                                            <span class=\"eael-tab-title title-after-icon\" >Men\u00fas<\/span>                            \n                                                    <\/li>\n                                            <li id=\"recetario\" class=\"inactive eael-tab-item-trigger eael-tab-nav-item\" aria-selected=\"false\" data-tab=\"4\" role=\"tab\" tabindex=\"-1\" aria-controls=\"recetario-tab\" aria-expanded=\"false\">\n                            \n                                                                <i class=\"fas fa-book-open\"><\/i>                                                            \n                                                            <span class=\"eael-tab-title title-after-icon\" >Recetario<\/span>                            \n                                                    <\/li>\n                                            <li id=\"equivalencias\" class=\"inactive eael-tab-item-trigger eael-tab-nav-item\" aria-selected=\"false\" data-tab=\"5\" role=\"tab\" tabindex=\"-1\" aria-controls=\"equivalencias-tab\" aria-expanded=\"false\">\n                            \n                                                                <i class=\"fas fa-balance-scale\"><\/i>                                                            \n                                                            <span class=\"eael-tab-title title-after-icon\" >Equivalencias<\/span>                            \n                                                    <\/li>\n                                            <li id=\"rutinas\" class=\"inactive eael-tab-item-trigger eael-tab-nav-item\" aria-selected=\"false\" data-tab=\"6\" role=\"tab\" tabindex=\"-1\" aria-controls=\"rutinas-tab\" aria-expanded=\"false\">\n                            \n                                                                <i class=\"fas fa-running\"><\/i>                                                            \n                                                            <span class=\"eael-tab-title title-after-icon\" >Rutinas<\/span>                            \n                                                    <\/li>\n                    \n                                  <\/ul>\n            <\/div>\n            \n            <div class=\"eael-tabs-content\">\n\t\t        \n                    <div id=\"imc-tab\" class=\"clearfix eael-tab-content-item inactive\" data-title-link=\"imc-tab\">\n\t\t\t\t        <p>    <form method=\"POST\" action=\"https:\/\/myperfectshake.com\/wp-admin\/admin-post.php\">\r\n        <input type=\"hidden\" name=\"action\" value=\"calcular_imc\">\r\n        <label for=\"peso\">Peso (kg):<\/label>\r\n        <input type=\"text\" name=\"peso\" id=\"peso\" required>\r\n        <br>\r\n        <label for=\"altura\">Altura (cm):<\/label>\r\n        <input type=\"text\" name=\"altura\" id=\"altura\" required>\r\n        <br>\r\n        <label for=\"sexo\">Sexo:<\/label>\r\n        <select name=\"sexo\" id=\"sexo\" required>\r\n            <option value=\"Femenino\">Femenino<\/option>\r\n            <option value=\"Masculino\">Masculino<\/option>\r\n        <\/select>\r\n        <br>\r\n        <label for=\"ejercicio\">Nivel de ejercicio:<\/label>\r\n        <select name=\"ejercicio\" id=\"ejercicio\" required>\r\n            <option value=\"Ligero\">Ligero<\/option>\r\n            <option value=\"Moderado\">Moderado<\/option>\r\n            <option value=\"Fuerte\">Fuerte<\/option>\r\n            <option value=\"Intenso\">Intenso<\/option>\r\n        <\/select>\r\n        <br>\r\n        <button type=\"submit\">Procesar informaci\u00f3n<\/button>\r\n    <\/form>\r\n    <\/p><p>    <table>\r\n        <thead>\r\n            <tr>\r\n                <th>Fecha<\/th>\r\n                <th>Sexo<\/th>\r\n                <th>Peso<\/th>\r\n                <th>Altura<\/th>\r\n                <th>Ejercicio<\/th>\r\n                <th>IMC<\/th>\r\n                \r\n                <th>Objetivo<\/th>\r\n                <th>Acciones<\/th>\r\n            <\/tr>\r\n        <\/thead>\r\n        <tbody>\r\n                    <\/tbody>\r\n    <\/table>\r\n    <\/p>                    <\/div>\n\t\t        \n                    <div id=\"bitacora-tab\" class=\"clearfix eael-tab-content-item inactive\" data-title-link=\"bitacora-tab\">\n\t\t\t\t        <p>  <div class=\"wrap\">\r\n    <h1>Bit\u00e1cora de medidas<\/h1>\r\n    <form method=\"post\" enctype=\"multipart\/form-data\">\r\n      <input type=\"hidden\" id=\"nonce\" name=\"nonce\" value=\"4649af0dbd\" \/><input type=\"hidden\" name=\"_wp_http_referer\" value=\"\/index.php\/imc-2\/\" \/>      <table class=\"form-table\">\r\n        <tr>\r\n          <th><label for=\"peso\">Peso:<\/label><\/th>\r\n          <td><input type=\"number\" name=\"peso\" id=\"peso\" required \/><\/td>\r\n        <\/tr>\r\n        <tr>\r\n          <th><label for=\"cintura\">Cintura:<\/label><\/th>\r\n          <td><input type=\"number\" name=\"cintura\" id=\"cintura\" required \/><\/td>\r\n        <\/tr>\r\n        <tr>\r\n          <th><label for=\"cadera\">Cadera:<\/label><\/th>\r\n          <td><input type=\"number\" name=\"cadera\" id=\"cadera\" required \/><\/td>\r\n        <\/tr>\r\n        <tr>\r\n          <th><label for=\"pecho\">Pecho:<\/label><\/th>\r\n          <td><input type=\"number\" name=\"pecho\" id=\"pecho\" required \/><\/td>\r\n        <\/tr>\r\n        <tr>\r\n          <th><label for=\"brazo\">Brazo:<\/label><\/th>\r\n          <td><input type=\"number\" name=\"brazo\" id=\"brazo\" required \/><\/td>\r\n        <\/tr>\r\n        <tr>\r\n            <th><label for=\"pierna\">Pierna:<\/label><\/th>\r\n            <td><input type=\"number\" name=\"pierna\" id=\"pierna\" required \/><\/td>\r\n        <\/tr>\r\n        <tr>\r\n            <th><label for=\"foto_frontal\">Fotograf\u00eda frontal:<\/label><\/th>\r\n            <td><input type=\"file\" name=\"foto_frontal\" id=\"foto_frontal\" required \/><\/td>\r\n        <\/tr>\r\n        <tr>\r\n            <th><label for=\"foto_lateral\">Fotograf\u00eda lateral:<\/label><\/th>\r\n            <td><input type=\"file\" name=\"foto_lateral\" id=\"foto_lateral\" required \/><\/td>\r\n        <\/tr>\r\n        <\/table>\r\n<p>\r\n  <input type=\"submit\" name=\"submit\" value=\"Guardar\" class=\"button button-primary\" \/>\r\n<\/p>\r\n<\/form>\r\n<\/div>\r\n<br \/>  <div class=\"wrap\">\r\n    <h1>Bit\u00e1cora de medidas registradas<\/h1>\r\n    <table class=\"widefat striped\">\r\n      <thead>\r\n        <tr>\r\n          <th>ID<\/th>\r\n          <th>Fecha<\/th>\r\n          <th>Peso<\/th>\r\n          <th>Cintura<\/th>\r\n          <th>Cadera<\/th>\r\n          <th>Pecho<\/th>\r\n          <th>Brazo<\/th>\r\n          <th>Pierna<\/th>\r\n          <th>Fotograf\u00eda frontal<\/th>\r\n          <th>Fotograf\u00eda lateral<\/th>\r\n          <th>Acciones<\/th>\r\n        <\/tr>\r\n      <\/thead>\r\n      <tbody>\r\n              <\/tbody>\r\n    <\/table>\r\n  <\/div>\r\n  <\/p>                    <\/div>\n\t\t        \n                    <div id=\"mens-tab\" class=\"clearfix eael-tab-content-item inactive\" data-title-link=\"mens-tab\">\n\t\t\t\t        <h1>Men\u00fas<\/h1><p>No se encontr\u00f3 un registro de IMC para este usuario.<\/p>                    <\/div>\n\t\t        \n                    <div id=\"recetario-tab\" class=\"clearfix eael-tab-content-item inactive\" data-title-link=\"recetario-tab\">\n\t\t\t\t        <p>lorem<\/p>                    <\/div>\n\t\t        \n                    <div id=\"equivalencias-tab\" class=\"clearfix eael-tab-content-item inactive\" data-title-link=\"equivalencias-tab\">\n\t\t\t\t        <p>No se encontr\u00f3 un registro de IMC para este usuario.<\/p>                    <\/div>\n\t\t        \n                    <div id=\"rutinas-tab\" class=\"clearfix eael-tab-content-item inactive\" data-title-link=\"rutinas-tab\">\n\t\t\t\t        Enhance user experience with Advanced Tabs, allowing seamless content navigation. Organize information efficiently while keeping the interface clean and interactive. Perfect for FAQs, product details, or multi-section content.                    <\/div>\n\t\t                    <\/div>\n        <\/div>\n\t\t\t\t<\/div>\n\t\t\t\t<\/div>\n\t\t\t\t\t<\/div>\n\t\t<\/div>\n\t\t\t\t\t<\/div>\n\t\t<\/section>\n\t\t\t\t<\/div>\n\t\t","protected":false},"excerpt":{"rendered":"<p>IMC Bitacora Men\u00fas Recetario Equivalencias Rutinas Peso (kg): Altura (cm): Sexo: FemeninoMasculino Nivel de ejercicio: LigeroModeradoFuerteIntenso Procesar informaci\u00f3n Fecha Sexo Peso Altura Ejercicio IMC Objetivo Acciones 2023-04-17 11:26:05 Femenino 104 180 Ligero 32.0988 P\u00e9rdida de peso Eliminar Bit\u00e1cora de medidas Peso: Cintura: Cadera: Pecho: Brazo: Pierna: Fotograf\u00eda frontal: Fotograf\u00eda lateral: Bit\u00e1cora de medidas registradas ID [&hellip;]<\/p>\n","protected":false},"author":1,"featured_media":0,"parent":0,"menu_order":0,"comment_status":"closed","ping_status":"closed","template":"","meta":{"footnotes":""},"class_list":["post-2233","page","type-page","status-publish","hentry"],"_links":{"self":[{"href":"https:\/\/myperfectshake.com\/index.php\/wp-json\/wp\/v2\/pages\/2233","targetHints":{"allow":["GET"]}}],"collection":[{"href":"https:\/\/myperfectshake.com\/index.php\/wp-json\/wp\/v2\/pages"}],"about":[{"href":"https:\/\/myperfectshake.com\/index.php\/wp-json\/wp\/v2\/types\/page"}],"author":[{"embeddable":true,"href":"https:\/\/myperfectshake.com\/index.php\/wp-json\/wp\/v2\/users\/1"}],"replies":[{"embeddable":true,"href":"https:\/\/myperfectshake.com\/index.php\/wp-json\/wp\/v2\/comments?post=2233"}],"version-history":[{"count":17,"href":"https:\/\/myperfectshake.com\/index.php\/wp-json\/wp\/v2\/pages\/2233\/revisions"}],"predecessor-version":[{"id":3573,"href":"https:\/\/myperfectshake.com\/index.php\/wp-json\/wp\/v2\/pages\/2233\/revisions\/3573"}],"wp:attachment":[{"href":"https:\/\/myperfectshake.com\/index.php\/wp-json\/wp\/v2\/media?parent=2233"}],"curies":[{"name":"wp","href":"https:\/\/api.w.org\/{rel}","templated":true}]}}